base 10.
-577
What is 4ed (base 15) in base 10?
1123
1774 (base 8) to base 6
4420
What is -110110011101 (base 2) in base 15?
-1075
44 (base 13) to base 16
38
Convert -201201011 (base 3) to base 12.
-8394
Convert 42822 (base 11) to base 8.
171412
What is 22991 (base 12) in base 2?
1011010011111101
What is 6888 (base 11) in base 16?
235a
Convert 1110100110 (base 2) to base 16.
3a6
-1064 (base 9) to base 6
-3351
Convert -29cb (base 13) to base 9.
-8307
-211012 (base 3) to base 12
-41b
Convert -2858 (base 12) to base 8.
-11104
1644 (base 7) to base 11
559
-1a6c4 (base 13) to base 3
-2121221000
What is b730 (base 12) in base 10?
20052
-200101 (base 3) to base 10
-496
Convert 2511 (base 9) to base 12.
1101
Convert 1350 (base 16) to base 10.
4944
What is 8b53 (base 12) in base 7?
63051
What is 4904 (base 10) in base 16?
1328
Convert 30747 (base 9) to base 16.
4f45
Convert a39 (base 12) to base 8.
2715
What is 198 (base 16) in base 6?
1520
Convert 7a1 (base 16) to base 8.
3641
-3566 (base 9) to base 10
-2652
-a394 (base 12) to base 8
-42640
2152 (base 8) to base 3
1112212
224200 (base 8) to base 6
1343224
Convert -30782 (base 11) to base 16.
-af3c
-4203 (base 6) to base 5
-12224
What is 12124 (base 5) in base 15?
40e
-14430 (base 7) to base 13
-1a7c
-154332 (base 6) to base 11
-10502
What is -e20 (base 15) in base 9?
-4323
What is -100112 (base 3) in base 15?
-122
-390 (base 11) to base 8
-716
39b (base 16) to base 8
1633
What is 114637 (base 8) in base 10?
39327
Convert 28788 (base 9) to base 14.
7201
Convert 2960 (base 11) to base 13.
1978
9bb (base 12) to base 9
1868
What is -52204 (base 7) in base 8?
-30771
Convert 740 (base 8) to base 9.
583
Convert -400 (base 6) to base 9.
-170
Convert 10113 (base 5) to base 12.
46a
-35d8 (base 16) to base 11
-a3a1
Convert 7503 (base 9) to base 12.
3233
What is 10102120 (base 3) in base 12?
1543
482 (base 11) to base 12
3ba
What is a29 (base 11) in base 5?
14431
-1a050 (base 12) to base 13
-1443c
-97 (base 12) to base 7
-223
-b1e (base 16) to base 14
-1074
-3353 (base 13) to base 2
-1101111111110
Convert -361 (base 16) to base 9.
-1161
What is 319 (base 11) in base 2?
101111111
What is 4974 (base 15) in base 8?
36422
What is -5066 (base 9) in base 5?
-104310
2131030 (base 4) to base 13
476b
What is -a25b (base 13) in base 6?
-251344
361a (base 11) to base 9
6446
-2432300 (base 5) to base 4
-23031332
-20313 (base 5) to base 3
-1211101
-51 (base 10) to base 5
-201
a2 (base 13) to base 4
2010
Convert 26a9 (base 16) to base 12.
5889
-45136 (base 8) to base 11
-13338
What is 5a3 (base 12) in base 15?
3b3
What is 2c6 (base 14) in base 7?
1436
What is 8a1a (base 11) in base 16?
2e67
What is -2432 (base 5) in base 11?
-304
Convert 11203 (base 8) to base 7.
16550
Convert 7548 (base 11) to base 8.
23366
Convert -43643 (base 8) to base 13.
-8469
365 (base 11) to base 14
230
What is -251373 (base 8) in base 5?
-10234104
Convert 46306 (base 7) to base 10.
11815
-35055 (base 8) to base 14
-55db
What is 20333023 (base 4) in base 15?
ad91
What is 4645 (base 10) in base 4?
1020211
What is -205 (base 8) in base 3?
-11221
Convert -7a2 (base 12) to base 11.
-938
What is -1100000110 (base 2) in base 7?
-2154
1911 (base 12) to base 15
d77
Convert 23132 (base 4) to base 5.
10414
Convert 11101000111 (base 2) to base 12.
10b3
-101203 (base 4) to base 5
-13443
Convert -2721 (base 11) to base 4.
-313030
What is 106536 (base 7) in base 10?
19137
Convert 2374 (base 9) to base 10.
1768
Convert -2ad (base 16) to base 10.
-685
What is -14c6 (base 16) in base 11?
-3aa5
What is 301144 (base 5) in base 9?
14080
What is 821 (base 12) in base 7?
3301
What is -1888 (base 9) in base 14?
-761
What is -4b93 (base 14) in base 15?
-3de1
What is 5003 (base 12) in base 5?
234033
4382 (base 10) to base 5
120012
What is -1101001010010101 (base 2) in base 3?
-2201221122
-1c (base 15) to base 14
-1d
-765 (base 8) to base 6
-2153
Convert -3212 (base 5) to base 9.
-530
What is 1801 (base 9) in base 2?
10101100010
155321 (base 7) to base 12
15915
Convert -103023 (base 4) to base 8.
-2313
-1154 (base 6) to base 7
-556
Convert 1024244 (base 5) to base 8.
42051
Convert -10320 (base 4) to base 2.
-100111000
What is -10420 (base 8) in base 13?
-1cb0
Convert -57 (base 13) to base 4.
-1020
What is -386 (base 9) in base 8?
-501
1363 (base 8) to base 4
23303
What is -211a (base 12) in base 6?
-24434
Convert 11110111111 (base 2) to base 10.
1983
Convert 1444 (base 5) to base 16.
f9
Convert -35 (base 9) to base 15.
-22
Convert -13440 (base 14) to base 13.
-187cc
Convert -2d76 (base 15) to base 8.
-23072
Convert 1000000 (base 2) to base 13.
4c
-1010111110111 (base 2) to base 5
-134443
What is -2869 (base 10) in base 15?
-cb4
Convert -8e2 (base 15) to base 9.
-2675
-1220123 (base 4) to base 11
-5026
-6516 (base 7) to base 4
-210030
Convert 1102000 (base 3) to base 7.
2664
Convert 102 (base 13) to base 12.
123
8e (base 15) to base 8
206
What is -7378 (base 14) in base 4?
-10312332
What is -275c (base 14) in base 4?
-1230132
1f8 (base 16) to base 15
239
Convert 2000213 (base 4) to base 14.
2ddd
What is d599 (base 15) in base 11?
30a10
What is 85 (base 12) in base 15?
6b
What is 4250 (base 6) in base 16?
3c6
Convert -bd5 (base 15) to base 12.
-166b
What is 3 (base 15) in base 11?
3
What is 403 (base 11) in base 2?
111100111
cb (base 13) to base 9
205
Convert -101011110 (base 2) to base 6.
-1342
What is 22893 (base 11) in base 5?
2024024
What is 12230 (base 5) in base 13?
574
What is 131314 (base 5) in base 8?
12131
Convert -11a1 (base 16) to base 10.
-4513
Convert 1101001110 (base 2) to base 12.
5a6
What is -3cc5 (base 14) in base 3?
-112202102
10301220 (base 4) to base 3
222211110
Convert 16115 (base 7) to base 11.
343a
42240 (base 5) to base 6
21020
What is -341 (base 15) in base 16?
-2e0
185b (base 15) to base 9
7185
150c (base 16) to base 10
5388
What is -5d (base 16) in base 13?
-72
1354 (base 7) to base 5
4104
Convert 113 (base 14) to base 15.
e3
110010220 (base 3) to base 11
6719
-454235 (base 6) to base 16
-968f
What is 34d1 (base 16) in base 7?
54264
What is 10648 (base 10) in base 13?
4b01
What is 8901 (base 14) in base 10?
23717
1111111001111 (base 2) to base 15
262d
What is -11030103 (base 4) in base 5?
-1140032
What is -2036 (base 16) in base 6?
-102102
Convert 258 (base 15) to base 2.
1000010101
Convert -24002 (base 5) to base 8.
-3330
Convert -35f3 (base 16) to base 11.
-a416
-140014 (base 6) to base 2
-11001010101010
-3d7 (base 16) to base 11
-814
What is 2810 (base 9) in base 2?
100001000011
What is 133223 (base 4) in base 15?
902
What is 4c2 (base 16) in base 15?
563
52010 (base 7) to base 6
134442
130 (base 12) to base 6
500
29907 (base 13) to base 4
103021113
Convert 1424 (base 8) to base 14.
404
What is -b3 (base 15) in base 8?
-250
876 (base 12) to base 16
4da
What is -134324 (base 5) in base 10?
-5589
What is -640 (base 8) in base 15?
-1cb
Convert -ad1 (base 16) to base 11.
-2098
Convert -254120 (base 7) to base 16.
-b7ce
Convert -354a (base 11) to base 14.
-19a4
What is 4404 (base 5) in base 4?
21130
100542 (base 6) to base 4
1330232
What is -12603 (base 11) in base 12?
-a528
115 (base 13) to base 8
273
3314 (base 7) to base 12
82b
What is -944 (base 15) in base 13?
-c49
-4a2 (base 16) to base 2
-10010100010
What is 10 (base 6) in base 8?
6
Convert 314343 (base 6) to base 14.
94a3
What is -141 (base 12) in base 3?
-21011
94bc (base 16) to base 12
1a050
Convert 2124020 (base 5) to base 14.
d251
Convert 6b1 (base 12) to base 13.
5b9
What is 110101110101 (base 2) in base 13?
1750
Convert -362 (base 10) to base 11.
-2aa
2617 (base 8) to base 4
112033
Convert 1884b (base 12) to base 7.
206201
Convert -100001011011110 (base 2) to base 9.
-25430
What is -33c (base 13) in base 16?
-22e
-ab8 (base 14) to base 15
-967
-51b (base 12) to base 13
-452
Convert -8d7 (base 15) to base 11.
-1560
What is 1302312 (base 4) in base 7?
30300
4467 (base 9) to base 13
166c
1014212 (base 5) to base 11
1169a
7742 (base 8) to base 13
1b0a
What is -520 (base 9) in base 10?
-423
273 (base 16) to base 11
520
What is -100011101111 (base 2) in base 7?
-6445
Convert 32044 (base 6) to base 5.
114343
3666 (base 13) to base 2
1111000001001
What is 1000100111110 (base 2) in base 5?
1201